d 40.
8
Let p be ((-16)/20)/((-2)/5). Suppose -5 = -2*u - 4*s + 3, -p*s + 60 = 5*u. Calculate the highest common divisor of u and 70.
14
Let x(f) = -9*f + 3. Suppose 3*z + 5*w + 2 = -28, 0 = 2*z + w + 13. Let t be x(z). What is the highest common divisor of 12 and t?
12
Let c(i) = 17*i**3 - i - 1. Let b be c(-1). Let o = -8 - b. What is the highest common divisor of 99 and o?
9
Let n(w) = -2 + 4 + 3*w**2 - 2*w**2. Let j be n(0). What is the highest common factor of 22 and j?
2
Let v = -169 - -191. Calculate the highest common divisor of v and 22.
22
Let u be (-5)/(70/(-4))*7. Suppose -u*f = -17 + 3. Calculate the highest common divisor of f and 77.
7
Let d = 73 - 51. Calculate the highest common divisor of d and 55.
11
Let f be 4*(-2)/16*-22. Suppose 3*u = 10 - 1. Suppose -4*x + 4 = -4*n, 2*n - u = x - 4*x. What is the greatest common divisor of f and x?
1
Let t(i) = 3*i**3 - 6*i**2 + 3*i - 4. Let a be t(4). Let x(y) = 2*y**2 - 8*y + 3. Let b be x(5). Calculate the greatest common divisor of a and b.
13
Suppose -3*k + 42 = -0*q + 3*q, -k + 38 = 3*q. Suppose -4*v = -q - 44. What is the greatest common factor of 2 and v?
2
Let r = 15 - -45. Suppose 2*h - 27 = -4*t + 9, -5*t - r = -5*h. What is the highest common divisor of h and 154?
14
Let i be (-3)/((-9)/(-6)) - -20. Calculate the highest common divisor of 30 and i.
6
Let k be (36/(-14))/(18/(-126)). Suppose 0 = 6*t - 2*t + q - 41, 3*t - 4*q = 7. What is the highest common factor of t and k?
9
Let q = -241 - -376. Calculate the greatest common divisor of 54 and q.
27
Let a be (6/4)/(2/(-20)). Let h be (-6)/a - 12/(-20). Suppose 2*f - f - 1 = 0. What is the highest common factor of f and h?
1
Let t be -1*(-6)/(-2)*2. Let g = 6 + t. Suppose o = -g*o + 26. What is the highest common factor of 13 and o?
13
Suppose 92 = 13*x - 25. Calculate the greatest common divisor of 1 and x.
1
Let t(z) = z**2 - z. Let r be t(1). Suppose r*n - 5*u = -4*n + 52, -52 = -4*n + 4*u. Calculate the highest common factor of n and 143.
13
Let y = 3 + 9. Suppose 9*z - 146 - 178 = 0. What is the highest common factor of z and y?
12
Suppose -94 = -2*y - 2*w, 7*w + 80 = 2*y + 2*w. Calculate the highest common divisor of y and 135.
45
Suppose 3*t = -s + 2*s + 1092, t + 5*s - 348 = 0. Let g = t + -201. Suppose -3*x = -65 + 11. What is the greatest common factor of g and x?
18
Suppose -3*o = 6, 3*j - 2*o + 11 - 33 = 0. Let w = -29 - -83. Calculate the highest common factor of w and j.
6
Let q = 14 + -10. Suppose 56 - 20 = 3*k - 2*w, 3*w = -5*k + 60. Calculate the highest common factor of k and q.
4
Suppose o = -5*c + 2*o - 95, -c - 3*o = 35. Suppose j - 27 = 2. Let q = c + j. What is the greatest common divisor of 99 and q?
9
Let d be (-4)/18 + 129/(-27). Let r = d - -10. Suppose -74 = -r*x + 1. What is the highest common factor of 30 and x?
15
Let l be ((-9)/(-12))/((-6)/(-104)). What is the highest common factor of 65 and l?
13
Let c be 6/(-4) - 5/((-50)/415). Calculate the highest common factor of c and 360.
40
Let o = -5 + 18. Let c = 1 + o. What is the highest common factor of 14 and c?
14
Suppose -11 = 3*r - 38. Let b = 8 - 5. What is the greatest common divisor of r and b?
3
Suppose 2*s = -5*a - 13, -a + 3*s + 13 = -2*a. Let l = a - -3. Let y(n) = 16*n + 1. Let t be y(l). Calculate the highest common divisor of t and 22.
11
Let i be (1 + -2 + 2)*60. Let p be (-1075)/(-45) + (-10)/(-90). What is the highest common factor of p and i?
12
Let t be ((-5)/(-2))/(5/10). Suppose t*w = 6*w - 24. What is the highest common factor of w and 24?
24
Let m = 20 + -10. What is the highest common factor of 4 and m?
2
Let x = 6 + -2. Suppose -a - x = -16. Let y be 7/(-1)*a/(-14). What is the greatest common divisor of y and 3?
3
Suppose 2*v = 4*o + 5*v - 1232, 0 = -3*v. Suppose -4*p - o = -8*p. What is the greatest common factor of p and 7?
7
Let x be (-4)/10 + (-4)/(-10). Suppose x = 4*p - 6*p + 20. What is the highest common factor of p and 2?
2
Let n(a) = -a + 7. Let o be n(-8). Let m be -1 - 3*(-16)/12. Calculate the greatest common factor of o and m.
3
Let c(l) = 2*l - 1. Let v be c(1). Suppose 0 = -t + 2*t - v. Let w be (0 - -6)*(-8)/(-6). What is the highest common factor of w and t?
1
Suppose 4*t + 4*k - 304 = -0*t, 4*t - 276 = 3*k. Calculate the highest common divisor of 9 and t.
9
Let q be (-1)/(-4 + 3)*84. Calculate the highest common factor of q and 21.
21
Let n = -3 - -6. Let k be (-3 - -1)/((-2)/n). What is the greatest common factor of k and 6?
3
Let d be -10*3/(-2) + 0/(-3). Calculate the highest common divisor of d and 60.
15
Suppose -4*i + 3092 = 4*l, l + 755 = i - 4*l. Let q be ((-8)/(-10))/(28/i). What is the greatest common factor of 198 and q?
22
Let k(d) be the first derivative of 3*d**2/2 + 6*d - 2. Let x be k(5). Let f be 3/(-2*2/(-112)). What is the highest common divisor of x and f?
21
Let i = 4 - 1. Suppose 95 + 85 = 15*y. What is the highest common factor of y and i?
3
Let y = 31 - 24. Let n(u) = u. Let a be n(y). What is the greatest common factor of 7 and a?
7
Suppose -158*j = -163*j + 30. What is the highest common factor of 33 and j?
3
Let i be 10/1 - (-2)/1. What is the greatest common factor of 96 and i?
12
Suppose 1025 = 5*v + 5*h, -h - 416 = -v - v. Let i = v - 115. Suppose -4*k = 4*d - 68, -4*d = d - 2*k - i. Calculate the greatest common divisor of d and 45.
9
Suppose 2*v + 2 = -3*x, -5*v - 4 - 1 = -3*x. Let n = 16 - x. Suppose 0 = u + 1 - 25. Calculate the greatest common factor of u and n.
8
Let p = 348 + -172. Calculate the greatest common factor of 44 and p.
44
Let w(q) = -2*q**3 + 10*q**2 + 4*q - 10. Let d be w(5). What is the highest common factor of 90 and d?
10
Suppose 4*q - 952 = 2*i + i, -5*q + 1190 = -5*i. Suppose -4*k + 560 = k. Let z = q - k. What is the greatest common divisor of z and 18?
18
Let g be 4873/77 + (-2)/7. Let m be g - 1/(-2)*0. Calculate the greatest common divisor of 7 and m.
7
Suppose -10*q + 65 + 125 = 0. Calculate the greatest common divisor of q and 190.
19
Suppose 3*z = 6*z - 54. What is the highest common factor of 18 and z?
18
Let p be (-2)/6 - 140/(-6). Suppose -5*c - a + p = 2*a, a + 3 = c. Let i be 9*c*1/6. Calculate the greatest common divisor of i and 4.
2
Let i = 2 + 0. Suppose 2*b + i*b = 240. Let c be b/(-9)*3/(-2). Calculate the highest common divisor of c and 70.
10
Suppose 120 = 4*t + t. Let o be (-63)/(-4) - 7/(-28). Calculate the greatest common divisor of o and t.
8
Let d = 23 + -18. Suppose -2*m - 2*m + 20 = 0. Calculate the greatest common divisor of d and m.
5
Let u(n) = n + 7. Let s be u(12). Calculate the greatest common factor of 171 and s.
19
Suppose -15 = -4*o + 13. What is the greatest common divisor of o and 49?
7
Let j = 2 + 8. Let k(x) = -x**2 + 7*x - 10. Let t be k(7). Let i be 24/((-3)/t - 0). What is the greatest common divisor of j and i?
10
Let u = -1 - 2. Let j be 48/u*3/4. Let w be 618/8 - (-3)/j. Calculate the highest common divisor of 11 and w.
11
Let b be 0 + (2 + 0 - -2). Let y = -3 + b. What is the greatest common factor of 1 and y?
1
Let l(a) = 2*a - 3*a - 9*a - 9 - 2*a**3 + 3*a**3 + 6*a**2. Let t be l(-7). What is the greatest common factor of t and 24?
12
Let w = -6 - -10. Let n be (-1)/((12/(-27))/w). Calculate the greatest common divisor of n and 45.
9
Let l = -3 + 4. Suppose v = 2 - l. Suppose d = -4*q - 7, 0 = d - 4*d - q + v. What is the greatest common divisor of 3 and d?
1
Let k be -1*1 - (-3)/1. Let m be 146/(-4) - k/(-4). Let p be 302/18 + (-8)/m. Calculate the greatest common divisor of p and 136.
17
Suppose -m + 36 = 2*m. Suppose 5*w = 5, 0 = -3*i - 4*w - m + 49. What is the highest common factor of 99 and i?
11
Let a(i) = -2*i. Let q be a(9). Let r be (-178)/(-3) - 12/q. Calculate the greatest common factor of 15 and r.
15
Let j be (-3)/(-9) - 8/6. Let h be 11*j/3*-3. Calculate the greatest common factor of 1 and h.
1
Let j(s) = 17*s + 32. Let u be j(14). What is the greatest common divisor of u and 10?
10
Let p = -7 + 11. Suppose -40 = -3*s + p*j, -3*s + j + 39 = -2*j. What is the greatest common divisor of 72 and s?
12
Let a(q) = -q**3 + 3*q**2 + q - 3. Let o be a(3). Suppose o*k = 2*k - 2. Let c be 4*10 + (1 - k). Calculate the highest common divisor of c and 5.
5
Let v = 47 - 40. Let a = 161 - 84. Calcu